 Let h(q) = -q**3 - 3*q**2 + 2*q - 4. Let n be h(l). Let i = 139 - 121. Calculate the greatest common divisor of n and i.
18
Let t(g) = -g**3 + 6*g**2 - 22*g + 91. Let n be t(5). Calculate the greatest common divisor of 1626 and n.
6
Let h(b) = 3*b + 39. Let n be h(-12). Suppose -117 = -2*d - 3*r, -n*r + 4*r + 129 = 2*d. What is the highest common divisor of 7 and d?
7
Suppose -2*k + h - 3 = -0*h, -2*h = -3*k - 2. Let s be k/18 - (9 + 1045/(-45)). Calculate the greatest common divisor of s and 21.
7
Suppose -2303*x = -2305*x + 126. Calculate the greatest common factor of x and 7.
7
Let r be (4/(-2) - -6) + -1. Suppose -5*m = q - 7 - 4, 4*q + r*m = 10. Let j be 6/45 + ((-685)/75 - -16). What is the greatest common divisor of j and q?
1
Let s be (-113)/(-5) + 2/5. Let v = s - 20. What is the highest common divisor of v and 21?
3
Let n be 1 + 14 + 1 - 1. Let r be 4/(-3)*n/(-2). Suppose -2*d - 80 = -4*d. Calculate the greatest common factor of r and d.
10
Suppose -3*u - 20 = -2*y, 5*u + 33 + 3 = 4*y. Suppose 0*w = y*w - 36. Let b = -28 - -100. What is the greatest common divisor of b and w?
9
Suppose g + 2*v = 2*g - 1, -5*g = -2*v - 13. Let o(k) = k**2 - 6. Let m be o(-3). Suppose h - m = g. Calculate the greatest common divisor of 66 and h.
6
Let u(w) = w**3 - 10*w**2 - 21. Let m be u(10). Let p be (-6)/m + 435/21. Calculate the highest common factor of 1 and p.
1
Let t(y) = y**2 + 2*y + 2. Let b be t(-2). Let h(x) = -b*x - 4*x + 0*x + 4*x + 31. Let f be h(0). What is the highest common factor of 217 and f?
31
Let o(u) = 9*u + 15. Let f(a) = -5*a - 8. Let g(j) = 5*f(j) + 3*o(j). Let k be g(-3). Let r be 8 + (4 - 3 - k). Calculate the highest common factor of 15 and r.
5
Let w be ((-5)/15)/(2/12). Let a be (16/(-4*1))/w. Let s be (a + 2)*6/8. What is the greatest common divisor of s and 33?
3
Suppose 44 = -w + 5*w. Let u = 7657 + -7558. What is the highest common divisor of u and w?
11
Let i(p) = p**2 + 3*p - 22. Let d be i(-7). Let w be 528/(-11)*(-28)/d. Calculate the greatest common divisor of w and 28.
28
Let p be ((-11)/(-2) - 4)/((-2)/(-4)). Suppose -132 = -p*j - 48. Calculate the greatest common divisor of 7 and j.
7
Let d be (-2)/(-5)*145 - (-3 - -1). What is the highest common factor of 690 and d?
30
Suppose -2*w - 4412 = -4592. Calculate the highest common divisor of 255 and w.
15
Suppose -a = 4*z - 48, -2*a = z - 7*a - 33. Let b = z - 4. What is the greatest common divisor of 6 and b?
3
Let q be 14*(-1)/((-4)/18). Calculate the highest common divisor of q and 9.
9
Let k(g) = -g**3 + 19*g**2 + 4*g + 35. Let d be k(19). What is the highest common factor of 6 and d?
3
Suppose 0 = -54*n + 59*n - 120. What is the highest common factor of 16 and n?
8
Let z(t) = 7*t + 156. Let q be z(-22). Calculate the greatest common factor of 46 and q.
2
Let w = 20 - 24. Let x(n) = -n**3 + 2*n**2 - n - 5. Let m be x(w). What is the highest common divisor of 19 and m?
19
Suppose -482 = -21*t + 547. Calculate the greatest common divisor of t and 1127.
49
Suppose -t + 5*s - 20 + 83 = 0, 0 = 5*s. What is the highest common divisor of 56 and t?
7
Let q(b) = 4*b**2 - 203*b + 43. Let a be q(52). Calculate the highest common factor of a and 3.
3
Let u(l) = 2*l**2 + 27*l - 56. Let w be u(2). What is the highest common divisor of 6 and w?
6
Let w(v) = 8*v**2 - 13*v + 34. Let d be w(15). Suppose 0 = -2*g - 7 + 21. Let t be (-1)/g - d/(-7). Calculate the highest common divisor of t and 26.
26
Suppose 0 = 8*u - 6*u - 4*r - 32, -r + 22 = 2*u. Let i be (4/(-5))/((-6)/225). What is the greatest common factor of i and u?
6
Let f = 864 + -808. Calculate the greatest common divisor of 42 and f.
14
Suppose -2*c = -7*c, -v + 3*c + 4 = 0. Calculate the highest common factor of 34 and v.
2
Let d = 24 - 27. Let v be (7 - 5)/(d/(-9)). Suppose 3*b - v = 0, -2*x + b + 64 = 4*b. Calculate the highest common divisor of 203 and x.
29
Let z be (8 + -3 + 31)/(4/18). What is the greatest common divisor of z and 405?
81
Let a be 5110/15 - 16/24. Calculate the greatest common divisor of 40 and a.
20
Let g = 1 - -45. Calculate the highest common divisor of 23 and g.
23
Let g = -1021 + 1113. What is the highest common factor of g and 575?
23
Let j(v) = -3*v**2 + 9*v - 4. Let n(y) = -2*y**2 + 9*y - 4. Let l(f) = 3*j(f) - 4*n(f). Let q be l(-9). What is the highest common factor of 1 and q?
1
Let b be (2/(-1) + -3)*(-11 - -8). Calculate the greatest common divisor of 735 and b.
15
Suppose 8 = q + 3*q. Suppose 4 = -j - q*b, 2*j - 14 - 3 = b. Calculate the highest common factor of j and 12.
6
Suppose -114 = -5*k - 3*q, 4*q - 126 = -4*k - 38. What is the highest common factor of k and 282?
6
Let w(t) = t**3 + 2*t**2 - t + 14. Let f be w(0). Suppose -4*x + 2*x + f = 0. Calculate the highest common divisor of x and 133.
7
Let f(n) = 65*n + 3 - 26*n + 5 + 6. Suppose -u + 2 = -4. Let h be f(u). Calculate the highest common divisor of 31 and h.
31
Suppose 4*z = -3*w + 1 + 21, -5*w = 2*z - 18. Suppose 0 = 2*o - 4*i - 192, 358 = o + 3*o + 5*i. What is the greatest common factor of z and o?
4
Let j(x) = -2*x**2 + 14*x + 208. Let y be j(14). Let c be 4*1/3*3. What is the highest common factor of y and c?
4
Suppose -5*h - n - n + 15 = 0, -3*h + 5*n = -9. Suppose 4*l + h*l - 224 = 0. Calculate the greatest common factor of l and 128.
32
Suppose 4*b = -d + 30, 4*d + 0*d + b = 75. Suppose 2*g - 4*k - 46 + 8 = 0, -6*k = 5*g - 159. What is the greatest common factor of g and d?
9
Suppose 4662 = 6*j - 7866. What is the highest common divisor of 144 and j?
72
Let a = -248 + 256. Suppose 0 = w - 2*w - 4*k + 64, 0 = -5*w - 2*k + 356. Calculate the greatest common divisor of w and a.
8
Suppose 0 = 59*g - 11271 - 411. Calculate the highest common divisor of g and 27.
9
Let l = 273 + -205. Calculate the highest common factor of l and 238.
34
Let c = -37 - -70. Suppose z - c = 65. Suppose -49 + 7 = -3*s. What is the greatest common factor of s and z?
14
Let h(z) = -z**2 - 10*z - 17. Let j be h(-5). Suppose -j = -w - 5. Suppose 17 = w*n + 5. Calculate the highest common factor of n and 28.
4
Let q be 2/(-4)*(-44 + 12). Let b = q + -3. Let h(z) = 4*z**2 + 9*z + 1. Let r be h(-6). What is the greatest common factor of b and r?
13
Let i(j) = 7*j**2 - 27*j - 89. Let x be i(-5). What is the highest common factor of x and 17?
17
Suppose -2521 + 985 = -32*h. What is the highest common factor of h and 3?
3
Let m(c) = c**2 + 6*c - 8. Let v be m(-6). Let i = 0 - v. Let w = i - -8. What is the greatest common factor of w and 40?
8
Let h = 156 + -36. Suppose -3*a = 2*a - h. What is the highest common divisor of 8 and a?
8
Suppose -5*g - 34 = -3*k, 0 = -5*k - g - 2*g. Let w = -2 - -4. Suppose -3*r = -8*r + 2*m + 25, 4*r - w*m = 22. What is the highest common factor of r and k?
3
Let m(q) = -11*q + 116. Let p be m(7). What is the greatest common factor of 13 and p?
13
Let r = 21 - 6. Let l = 79 - 117. Let q = -33 - l. What is the highest common factor of r and q?
5
Suppose 0*p - 504 = -2*p. Let c be (-2 - -44)*(-2)/(-15)*5. What is the highest common divisor of p and c?
28
Let u(b) be the third derivative of 7*b**5/60 + b**4/24 - b**3/6 + 25*b**2. Let v be u(1). What is the highest common factor of v and 1?
1
Suppose 2*t - 803 = 13*t. Let q = t + 83. Calculate the greatest common divisor of 20 and q.
10
Let s(j) = 3*j**2 + 3*j + 13. Let i be s(-2). What is the highest common divisor of 133 and i?
19
Let o be -30*191/(-9) + 2/6. What is the greatest common factor of o and 273?
91
Let g(p) = p**2 - 2*p + 26. Let q be g(-11). Suppose -5*i + q = -a - 2*a, 0 = 5*i + a - 157. Calculate the greatest common divisor of i and 64.
32
Let q(s) = -42*s - 333. Let x be q(-11). Calculate the greatest common divisor of 344 and x.
43
Let z = 2002 - 1993. Calculate the highest common divisor of z and 144.
9
Let h(a) = 3*a**3 - 7*a**2 + 4*a + 2. Let x be h(1). Calculate the greatest common divisor of x and 104.
2
Suppose 0 = -4*x + 3*q + 100, -4*q + 124 = 4*x - q. Calculate the highest common factor of 322 and x.
14
Let i be 650 - ((-2)/(-4) + 56/16). Calculate the greatest common divisor of 114 and i.
38
Let o = -54 - -78. Suppose 8*y - 8 - o = 0. Calculate the highest common factor of y and 20.
4
Suppose 20*i = 14*i + 30. Suppose 16 = 4*x - 4. Cal